(-1 + (-24)/s). Suppose -l = l - 26. What is the greatest common divisor of a and l?
13
Let c(x) = -9*x - 37. Let j be c(-5). Calculate the highest common factor of j and 24.
8
Let q = -7 + 20. Suppose 431 = 3*n + 41. What is the greatest common factor of n and q?
13
Let q = -41 - -212. What is the greatest common factor of 9 and q?
9
Let x(i) = i**2 + 10. Let p = 22 - 31. Let q be x(p). Calculate the highest common factor of q and 13.
13
Let c(y) = -146*y**3 - 1. Let b be c(-1). Let z = -57 + b. Calculate the greatest common factor of 22 and z.
22
Let d = -40 - -29. Let v be (d/(-2))/((-1)/(-2)). Suppose 0 = -4*k + 5*z + 127, 164 = 5*k + 4*z - 5*z. Calculate the greatest common factor of v and k.
11
Suppose -2*a = -0 + 30. Let v = a + 55. Suppose 4*z - 34 = -3*u + 36, 0 = -3*z + u + 46. Calculate the highest common divisor of v and z.
8
Let m be -1 - -139 - (-6 - -8). Let k be ((33 - -1)/2)/1. What is the greatest common factor of m and k?
17
Let f be (6/4)/((-4)/(-160)). Let q be (-30)/(-7) - 6/21. Suppose -5*h = -u - 22 - 35, q*h - 51 = -u. Calculate the highest common divisor of f and h.
12
Suppose 8 = 4*o - 40. Let q be ((-200)/30)/((-2)/o). Calculate the greatest common divisor of 100 and q.
20
Suppose -r = 2*m - 130, -152 = -2*r - 5*m + 105. What is the greatest common divisor of 17 and r?
17
Let a = 8 + -4. Let j = 10 + a. Calculate the highest common factor of 2 and j.
2
Suppose -2*l + 64 = 2*k, -2*k + 3*k - 2*l - 26 = 0. Suppose -3*g = -g - k. Let x(u) = -11*u + 5. Let d be x(-5). What is the highest common factor of g and d?
15
Let x = -6 - -10. Suppose 0 = x*u - 0*u + d - 18, -4*u - 5*d = -10. What is the greatest common factor of 5 and u?
5
Let u(g) = g**2 + 3*g - 6. Let m be u(-5). Suppose -5*c + 18 = -m*c. Calculate the greatest common divisor of 198 and c.
18
Suppose f = -3*a + 7*a + 45, f + 2*a = 63. What is the greatest common divisor of f and 19?
19
Let z = 17 + 4. What is the highest common divisor of z and 14?
7
Let d(m) = 9*m - 26. Let r be d(5). What is the greatest common divisor of r and 38?
19
Let u(f) = -192*f - 3. Let v be u(-1). What is the greatest common divisor of 21 and v?
21
Suppose 3*y + 24 = 4*y. Let g = -198 - -204. Calculate the greatest common factor of g and y.
6
Let x = 7 - 10. Let f = x - -5. Suppose -a + 39 = f*a. Calculate the greatest common factor of a and 13.
13
Suppose 0 = -5*d + 3*t + 53, t - 77 = -5*d - 2*t. Calculate the greatest common divisor of 39 and d.
13
Let z = 4 - -36. Calculate the greatest common factor of z and 20.
20
Let m be (-72)/(-4) - (-6 + 2)/2. Calculate the greatest common factor of m and 8.
4
Suppose 512 = -5*z + 197. Let x = -35 - z. Suppose 0 = -2*r - 8 + 22. Calculate the highest common factor of r and x.
7
Let w(m) = -2*m - 8. Let s be w(-6). Calculate the highest common divisor of 44 and s.
4
Suppose 3*l + 4*r = 46 + 33, 4*l + 5*r - 106 = 0. What is the greatest common factor of 319 and l?
29
Suppose 0 = -6*n - 4*n + 120. What is the greatest common factor of n and 4?
4
Let l be (13/4)/(3/12). Let z = l + -4. Calculate the greatest common factor of z and 63.
9
Let d = -20 + 35. Let s be 20/16 - (-105)/12. Calculate the greatest common divisor of d and s.
5
Let h = -5 - -9. Suppose 0 = h*y + 91 - 363. Suppose -u + 3*u - y = 0. Calculate the highest common divisor of u and 85.
17
Suppose -4*r - 493 = u, 4*u = -5*r - 0*r - 630. Let z = r + 386. Suppose -2*j - j = -z. Calculate the highest common divisor of j and 8.
8
Let f be 4/18 + 172/36. Suppose 17 = 4*r + f. Let i(a) = a + 3. Let x be i(6). What is the highest common factor of x and r?
3
Suppose -4*f = -5*w - 240, 4*f - 255 = -3*w + 17. Suppose 17 = -2*p + f. Let a = 10 - -14. What is the greatest common factor of p and a?
24
Let u(a) = 2*a + 2. Let s be u(2). What is the highest common factor of 15 and s?
3
Let p(i) = -3*i + 12. Let l(n) = 3*n - 11. Let h(f) = 6*l(f) + 5*p(f). Let v be h(4). What is the highest common divisor of v and 30?
6
Let u be (-6)/9*-3*2. Let d = u + 1. Suppose -5*a = -a + d*m - 26, 2*a - 12 = -3*m. Calculate the highest common factor of 81 and a.
9
Let w = -52 + 37. Let b be (-3)/w*4*170. Calculate the greatest common factor of 17 and b.
17
Suppose 7*d = 4*o + 3*d - 48, d = -4. What is the highest common factor of o and 8?
8
Let l(w) = -w**3 - 18*w**2 - 16*w + 19. Let p be l(-17). Suppose 0 = d - p. What is the highest common factor of d and 14?
2
Let s(f) = f**2 - 14*f - 7. Let y be s(11). Let x = 58 + y. What is the highest common factor of 27 and x?
9
Let c(w) = -10 - 2 + 13 + 6*w**2 - 3*w. Let o be 4 + 1/(-2)*-2. Let v be c(o). Calculate the greatest common factor of 17 and v.
17
Let v = -1 + 5. Suppose -3*o = -5*l + o - 3, v*l - 6 = -o. What is the greatest common divisor of 4 and l?
1
Let m = -4 - -8. Suppose -m*u = -58 + 14. Let l(f) = -f**3 - 3*f**2 - f + 7. Let w be l(-6). Calculate the greatest common divisor of u and w.
11
Suppose 0*l = 5*l + 375. Let x = -36 - l. Calculate the greatest common divisor of x and 13.
13
Let k be 16/(-9) + 6/(-27). Let o be (-2)/(-2 + 3 + k). Calculate the greatest common divisor of 16 and o.
2
Let z(w) = 4*w**3 - w**2 - w + 1. Let x be z(1). Let y be (-32)/3 - (-2)/x. Let h = y - -65. What is the greatest common factor of 22 and h?
11
Let k(q) = 20*q**3 + q**2 - 1. Let t be k(1). Calculate the highest common divisor of t and 50.
10
Let o be 1 + 0/(2 - -4). Calculate the highest common factor of o and 8.
1
Let n(p) = -3*p**3 + 3*p**2 + 4*p + 2. Let x be n(-2). Let o be ((-1)/3)/(8/(-360)). What is the highest common divisor of x and o?
15
Suppose -b + 0*b = -2*p - 6, -4*b + 3*p + 39 = 0. What is the highest common factor of 4 and b?
4
Let f = 323 + -235. Let j = -22 - -33. What is the highest common factor of f and j?
11
Let q(s) = s**2 - 5*s - 1. Let i be q(-5). Suppose 25 = 4*m + c, 2*m + 3*c = 5 - 0. What is the greatest common factor of m and i?
7
Suppose 2*g = 5*o - 305, -7*o + 3*g + 237 = -3*o. Calculate the highest common factor of o and 42.
21
Let p(l) = -15*l - 2. Let k be p(-2). Suppose 0 = 5*v + x - 239 - 36, -3*x = 3*v - 153. Suppose 2*c = -2*c + v. What is the greatest common factor of k and c?
14
Let a(r) = r - 3. Let i(g) = 2*g**2 - 8*g + 3. Let y be i(6). Let l = y + -18. Let c be a(l). What is the greatest common divisor of 66 and c?
6
Let a = 6 + 7. Let h(n) = 4*n**2 + 7*n - 4. Let t be h(-7). Calculate the greatest common factor of a and t.
13
Let m(j) = -j**3 + 18*j**2 - 17*j + 16. Let b be m(17). What is the highest common factor of b and 40?
8
Let b = -36 + 21. Let v = 13 - b. Calculate the greatest common divisor of 70 and v.
14
Let i(c) = c - 1. Let t be i(-4). Let u = t - -7. Let k = 16 + -2. What is the highest common divisor of k and u?
2
Let u be (11/2)/(5/10). Calculate the highest common factor of 44 and u.
11
Let z(m) = 10*m. Let t be 16/(-6) - 1/3. Let f = t - -9. Let n be z(f). What is the greatest common factor of n and 40?
20
Suppose -6*w = -4*w - 176. Suppose 0 = -n - 2 + 11. Let p = n - 1. What is the highest common divisor of w and p?
8
Suppose -7 = f - 2*q, 2*f + 2*q + 2*q + 6 = 0. Let y = f - -13. Calculate the greatest common factor of y and 16.
8
Suppose f + f = 8. Suppose 5*m - 40 = 5*y, -f*y = -2*m + 6*m. Calculate the highest common factor of m and 4.
4
Suppose 2*u = -3*s - 1, -2*s = -3*u + 4*u + 1. Let c = s - -6. What is the greatest common factor of 55 and c?
5
Let w be 102/8 + (13/4 - 3). Calculate the highest common divisor of 52 and w.
13
Suppose 2*n - 20 = -q - 1, q = -n + 24. Let w be 18/(4 - q/8). What is the greatest common factor of w and 16?
16
Let j = 6 - 0. Let r = -5 + j. Suppose 5*z = 3*z, 1 = g - 2*z. What is the greatest common divisor of r and g?
1
Let a(p) = 19*p - 9. Let n be a(3). Calculate the greatest common factor of 16 and n.
16
Let h(a) = a**2 + 2*a + 3. Let n be h(3). Let w be (90/1)/(2 + -1). Calculate the greatest common factor of w and n.
18
Suppose 2*w = 7*w - 135. Suppose -2*y + 3*y = -3. Let m = y - -6. Calculate the highest common divisor of w and m.
3
Let j(s) = 42*s + 2. Let l be j(5). Let z = -140 + l. Calculate the greatest common factor of z and 8.
8
Let y = 31 + -5. Suppose -2*k + 0*a = 2*a - y, 5*k + a - 77 = 0. Let i = -1 + 5. What is the highest common factor 